(base 10) in base 8?
-5
33 (base 6) to base 11
1a
What is 2 (base 16) in base 10?
2
What is 102 (base 3) in base 8?
13
What is f2 (base 16) in base 3?
22222
-19 (base 12) to base 5
-41
Convert 8c (base 15) to base 4.
2010
-12010 (base 3) to base 5
-1023
-7 (base 12) to base 16
-7
Convert 1001 (base 5) to base 9.
150
3 (base 16) to base 4
3
3 (base 10) to base 13
3
Convert -2 (base 8) to base 4.
-2
What is -2 (base 15) in base 16?
-2
Convert -2 (base 3) to base 8.
-2
What is 1130 (base 4) in base 16?
5c
What is 0 (base 14) in base 2?
0
26 (base 10) to base 4
122
What is -1221 (base 3) in base 13?
-40
Convert 52 (base 7) to base 4.
211
What is -75 (base 12) in base 11?
-81
-14 (base 6) to base 3
-101
101002 (base 3) to base 4
10100
Convert -4 (base 16) to base 13.
-4
1 (base 7) to base 2
1
Convert -9 (base 15) to base 16.
-9
Convert -22 (base 7) to base 16.
-10
2 (base 3) to base 14
2
-2 (base 5) to base 11
-2
-4 (base 6) to base 5
-4
Convert -110 (base 2) to base 6.
-10
What is 34 (base 9) in base 4?
133
What is 111010 (base 2) in base 6?
134
What is 3c (base 13) in base 2?
110011
Convert -4 (base 15) to base 3.
-11
What is -3 (base 8) in base 7?
-3
What is -5 (base 10) in base 9?
-5
What is -1 (base 6) in base 15?
-1
Convert -23 (base 7) to base 14.
-13
e1 (base 15) to base 14
111
What is 110100 (base 2) in base 6?
124
10 (base 4) to base 3
11
22 (base 8) to base 9
20
Convert 6 (base 13) to base 4.
12
What is -40 (base 12) in base 3?
-1210
What is 3 (base 12) in base 5?
3
Convert 2 (base 11) to base 5.
2
What is e (base 15) in base 7?
20
Convert 35 (base 14) to base 13.
38
1000110 (base 2) to base 14
50
What is -4 (base 13) in base 2?
-100
What is 4 (base 6) in base 16?
4
Convert -8 (base 16) to base 10.
-8
What is 8 (base 10) in base 7?
11
-5 (base 16) to base 4
-11
-102 (base 4) to base 9
-20
Convert -1 (base 14) to base 11.
-1
1211 (base 3) to base 16
31
What is 0 (base 16) in base 2?
0
Convert 24 (base 5) to base 10.
14
What is -236 (base 8) in base 4?
-2132
8 (base 13) to base 10
8
What is 22 (base 7) in base 8?
20
-30 (base 9) to base 6
-43
1 (base 5) to base 2
1
What is 1 (base 3) in base 10?
1
52 (base 10) to base 13
40
-7 (base 11) to base 3
-21
Convert 2 (base 11) to base 12.
2
What is -137 (base 8) in base 5?
-340
What is -1000 (base 2) in base 16?
-8
What is 3 (base 16) in base 7?
3
What is ba (base 13) in base 8?
231
What is 1 (base 9) in base 4?
1
What is 5 (base 11) in base 6?
5
-124 (base 13) to base 5
-1244
Convert 212 (base 3) to base 9.
25
What is -1135 (base 6) in base 5?
-2100
-14 (base 14) to base 6
-30
Convert 1 (base 4) to base 15.
1
What is -14 (base 8) in base 12?
-10
d (base 16) to base 14
d
What is 2 (base 11) in base 8?
2
What is -a (base 11) in base 2?
-1010
What is 9 (base 16) in base 10?
9
What is 0 (base 2) in base 15?
0
Convert -2 (base 9) to base 2.
-10
6 (base 11) to base 2
110
What is -2 (base 8) in base 6?
-2
Convert -133 (base 7) to base 15.
-4d
What is 143 (base 7) in base 6?
212
Convert -1 (base 12) to base 14.
-1
Convert 0 (base 11) to base 8.
0
0 (base 13) to base 2
0
414 (base 5) to base 8
155
-7 (base 15) to base 9
-7
What is 10010 (base 2) in base 4?
102
-9 (base 13) to base 16
-9
What is -26 (base 12) in base 8?
-36
Convert 0 (base 11) to base 6.
0
Convert 2 (base 15) to base 5.
2
What is -4 (base 9) in base 11?
-4
What is -12 (base 9) in base 13?
-b
11011 (base 2) to base 16
1b
Convert 1 (base 3) to base 15.
1
Convert -10011 (base 3) to base 10.
-85
What is 7 (base 14) in base 11?
7
What is -2 (base 16) in base 14?
-2
-21 (base 10) to base 12
-19
-69 (base 12) to base 16
-51
Convert -7a (base 12) to base 15.
-64
What is 342 (base 5) in base 15?
67
Convert 3 (base 11) to base 5.
3
Convert -1 (base 6) to base 9.
-1
Convert 255 (base 7) to base 3.
12010
Convert -21 (base 5) to base 9.
-12
Convert 5 (base 10) to base 3.
12
2 (base 11) to base 16
2
What is 2 (base 13) in base 14?
2
20 (base 14) to base 10
28
1a (base 11) to base 6
33
What is 7 (base 9) in base 6?
11
Convert 3 (base 14) to base 16.
3
What is 10 (base 2) in base 12?
2
232 (base 8) to base 13
bb
0 (base 5) to base 12
0
c9 (base 15) to base 14
d7
Convert c (base 13) to base 5.
22
Convert -5a (base 13) to base 9.
-83
3 (base 5) to base 15
3
Convert -405 (base 8) to base 12.
-199
What is -2000 (base 3) in base 13?
-42
4 (base 10) to base 15
4
What is 12 (base 10) in base 14?
c
Convert 1101 (base 2) to base 11.
12
What is -6 (base 16) in base 3?
-20
a (base 13) to base 3
101
What is 57 (base 15) in base 8?
122
Convert 25 (base 13) to base 15.
21
Convert -1 (base 8) to base 9.
-1
215 (base 6) to base 11
76
Convert -1100 (base 2) to base 9.
-13
18 (base 9) to base 5
32
-7 (base 12) to base 6
-11
-11210 (base 3) to base 15
-89
Convert -10211 (base 3) to base 16.
-67
Convert -d (base 16) to base 11.
-12
What is -4 (base 7) in base 14?
-4
What is 2 (base 7) in base 13?
2
Convert 8 (base 9) to base 10.
8
1 (base 2) to base 3
1
Convert 10 (base 3) to base 5.
3
2 (base 10) to base 4
2
-156 (base 9) to base 12
-b0
124 (base 5) to base 16
27
Convert 1 (base 12) to base 4.
1
What is -20 (base 5) in base 9?
-11
What is -301 (base 4) in base 7?
-100
420 (base 5) to base 14
7c
What is 225 (base 8) in base 16?
95
Convert 32 (base 6) to base 7.
26
What is 8 (base 9) in base 11?
8
What is 26 (base 9) in base 2?
11000
-1234 (base 5) to base 12
-142
-76 (base 9) to base 12
-59
What is 6c (base 14) in base 3?
10120
What is -3 (base 12) in base 2?
-11
66 (base 10) to base 3
2110
-304 (base 10) to base 8
-460
Convert -1 (base 3) to base 4.
-1
-20 (base 4) to base 15
-8
What is -211 (base 3) in base 15?
-17
What is 22 (base 3) in base 10?
8
What is -6d (base 14) in base 12?
-81
Convert 24 (base 7) to base 13.
15
3 (base 6) to base 2
11
23 (base 8) to base 2
10011
Convert 1100101 (base 2) to base 16.
65
Convert 140 (base 6) to base 12.
50
1121 (base 3) to base 4
223
6 (base 16) to base 14
6
40 (base 10) to base 13
31
Convert 202 (base 10) to base 5.
1302
Convert -30 (base 6) to base 9.
-20
Convert 71 (base 15) to base 12.
8a
Convert 2 (base 14) to base 13.
2
What is 11 (base 5) in base 13?
6
42 (base 12) to base 14
38
10010001 (base 2) to base 14
a5
Convert 0 (base 16) to base 3.
0
Convert -5 (base 15) to base 16.
-5
Convert -110 (base 2) to base 5.
-11
Convert 64 (base 10) to base 14.
48
Convert 1 (base 8) to base 5.
1
1 (base 2) to base 4
1
Convert 2a (base 14) to base 3.
1102
What is -ac (base 15) in base 10?
-162
Convert -10 (base 4) to base 16.
-4
Convert 1 (base 3) to base 13.
1
-3 (base 5) to base 16
-3
Convert -40 (base 6) to base 3.
-220
Convert 7 (base 16) to base 3.
21
110101 (base 2) to base 16
35
-13 (base 5) to base 3
-22
Convert 17 (base 9) to base 3.
121
Convert -3 (base 10) to base 16.
-3
Convert 1 (base 14) to base 8.
1
What is 83 (base 13) in base 14?
79
12 (base 3) to base 11
5
-1c (base 15) to base 16
-1b
Convert 0 (base 13) to base 9.
0
What is -9 (base 11) in base 2?
-1001
77 (base 13) to base 12
82
What is 101100 (base 2) in base 7?
62
Convert -211 (base 11) to base 7.
-512
7a (base 11) to base 14
63
Convert 4 (base 13) to base 4.
10
Convert 1 (base 14) to base 7.
1
-2 (base 6) to base 7
-2
What is -79 (base 10) in base 14?
-59
Convert 5 (base 10) to base 9.
5
What is 5 (base 12) in base 5?
10
15 (base 10) to base 12
13
6 (base 14) to base 6
10
What is 2 (base 7) in base 14?
2
What is 88 (base 14) in base 12?
a0
What is -13 (base 14) in base 9?
-18
Convert -34 (base 6) to base 2.
-10110
Convert 151 (base 14) to base 16.
10b
What is -261 (base 9) in base 8?
-331
Convert -11010100 (base 2) to base 16.
-d4
What is 11 (base 2) in base 14?
3
12 (base 11) to base 6
21
What is 13 (base 10) in base 11?
12
What is -27 (base 11) in base 7?
-41
Convert -11001 (base 2) to base 10.
-25
What is 33 (base 4) in base 12?
13
What is 2 (base 9) in base 15?
2
Convert 5 (base 10) to base 6.
5
Convert -6 (base 11) to base 4.
-12
-7 (base 11) to base 14
-7
-3 (base 13) to base 3
-10
Convert -31 (base 4) to base 3.
-111
What is -41 (base 5) in base 10?
-21
What is -1 (base 2) in base 9?
-1
2 (base 11) to base 14
2
What is 37 (base 10) in base 8?
45
What is -1 (base 13) in base 12?
-1
Convert -1010 (base 2) to base 15.
-a
What is 242 (base 5) in base 4?
1020
Wh